{"id":136,"date":"2021-08-10T16:41:30","date_gmt":"2021-08-10T14:41:30","guid":{"rendered":"https:\/\/www.pro-hungerberg.de\/?page_id=136"},"modified":"2021-09-08T17:50:00","modified_gmt":"2021-09-08T15:50:00","slug":"wer-wir-sind","status":"publish","type":"page","link":"https:\/\/www.pro-hungerberg.de\/index.php\/wer-wir-sind\/","title":{"rendered":"Wer wir sind"},"content":{"rendered":"\n<p>Danke, dass Sie unsere Website besuchen. Dar\u00fcber freuen wir uns sehr. Jetzt m\u00f6chten Sie wissen, wer hinter dieser Website steht:&nbsp;PRO-HUNGERBERG&nbsp;ist eine Initiative von Unternehmern aus Dettingen, Kirchheim\/Teck&nbsp;und Umgebung. Aufgebaut und&nbsp;verantwortlich&nbsp;betrieben wird die Website vom Bund der Selbstst\u00e4ndigen (BDS)&nbsp;Kirchheim unter Teck e. V., zu dem auch Dettingen geh\u00f6rt.&nbsp;<\/p>\n\n\n\n<div class=\"wp-block-image\"><figure class=\"aligncenter size-full is-resized\"><img loading=\"lazy\" decoding=\"async\" src=\"https:\/\/www.pro-hungerberg.de\/wp-content\/uploads\/2021\/08\/Dietz_rund.png\" alt=\"\" class=\"wp-image-167\" width=\"185\" height=\"185\" srcset=\"https:\/\/www.pro-hungerberg.de\/wp-content\/uploads\/2021\/08\/Dietz_rund.png 394w, https:\/\/www.pro-hungerberg.de\/wp-content\/uploads\/2021\/08\/Dietz_rund-300x300.png 300w, https:\/\/www.pro-hungerberg.de\/wp-content\/uploads\/2021\/08\/Dietz_rund-150x150.png 150w\" sizes=\"auto, (max-width: 185px) 100vw, 185px\" \/><figcaption><meta charset=\"utf-8\"><strong>Jan Dietz<\/strong><\/figcaption><\/figure><\/div>\n\n\n\n<p><strong>Jan Dietz, Gesch\u00e4ftsf\u00fchrer der&nbsp;oeconos&nbsp;GmbH in Dettingen und Pr\u00e4sident des BDS Baden-W\u00fcrttemberg,&nbsp;geh\u00f6rte zu den ersten, der sich engagierte:<\/strong>&nbsp;<\/p>\n\n\n\n<p>\u201eIch setze mich intensiv f\u00fcr den Gewerbestandort Hungerberg ein. Ich sch\u00f6pfe dabei aus eigenen Erfahrungen. Meine fr\u00fchere Heimatstadt ist in den vergangenen Jahrzehnten um die H\u00e4lfte der Einwohner geschrumpft. H\u00e4user stehen jetzt leer und Land kostet so gut wie nichts. Die vorhandene Infrastruktur stirbt. Nur noch wenige Menschen, die Arbeit haben, pendeln sehr weit zu ihren Arbeitspl\u00e4tzen. Wenn der Strukturwandel in der hiesigen Automobilindustrie nur halb so intensiv wird wie prognostiziert und wir nichts dagegen tun, wird auch Dettingen und der Region Stuttgart \u00e4hnliches passieren. Das darf nicht passieren.<\/p>\n\n\n\n<p>Stillstand ist R\u00fcckschritt. Es mag einem gefallen oder nicht, aber die Welt ver\u00e4ndert sich stetig. Wer dem nur zuschaut und bewahren will, geh\u00f6rt zu den Verlierern im Wettbewerb. Und Investitionen werden get\u00e4tigt, wenn nicht bei uns, dann woanders!<\/p>\n\n\n\n<p>Ich bitte Sie dringend: Lassen sie uns an die Tugenden unserer Vorfahren ankn\u00fcpfen und das Land der T\u00fcftler und Bastler bleiben &#8211; ein Land, das die Mobilit\u00e4t der Welt nachhaltig ver\u00e4ndert hat und mit seiner Innovationskraft zu den st\u00e4rksten Regionen der Erde geh\u00f6rt.<\/p>\n\n\n\n<p>Was genau am Hungerberg entsteht, kann im Moment niemand sagen. Aber klar ist: Es werden nachhaltige und innovative Technologien sein. Sie werden daf\u00fcr sorgen, dass auch in Zukunft Dettingen und die Region lebenswert f\u00fcr die Menschen bleibt. Und neben der Natur, die uns allen wichtig ist, geh\u00f6rt zu einer lebenswerten Umwelt nun auch einmal Arbeit und Einkommen. Wenn dies nicht gegeben ist &#8211; dies zeigen uns unz\u00e4hlige Beispiele aus der ganzen Welt &#8211; ist den Menschen auch der Umweltschutz nachrangig. Auch dies kann nicht in unserem Interesse sein.<br><br><\/p>\n\n\n\n<div class=\"wp-block-image\"><figure class=\"aligncenter is-resized\"><img loading=\"lazy\" decoding=\"async\" src=\"https:\/\/www.pro-hungerberg.de\/wp-content\/uploads\/2021\/08\/BDS-Bild-Robert-Schmid_rund.png\" alt=\"\" class=\"wp-image-165\" width=\"185\" height=\"185\" srcset=\"https:\/\/www.pro-hungerberg.de\/wp-content\/uploads\/2021\/08\/BDS-Bild-Robert-Schmid_rund.png 394w, https:\/\/www.pro-hungerberg.de\/wp-content\/uploads\/2021\/08\/BDS-Bild-Robert-Schmid_rund-300x300.png 300w, https:\/\/www.pro-hungerberg.de\/wp-content\/uploads\/2021\/08\/BDS-Bild-Robert-Schmid_rund-150x150.png 150w\" sizes=\"auto, (max-width: 185px) 100vw, 185px\" \/><figcaption><meta charset=\"utf-8\"><strong>Robert&nbsp;Schmid<\/strong><\/figcaption><\/figure><\/div>\n\n\n\n<p>Schnell fanden sich weitere Unterst\u00fctzer,&nbsp;die sich wie Jan Dietz einsetzen &#8211;&nbsp;zum Beispiel&nbsp;<strong>Robert Schmid, Steuerberater und Diplom-\u00d6konom in Dettingen und Vorsitzender des BDS Kirchheim Teck<\/strong><\/p>\n\n\n\n<p>\u201eIch spreche mich f\u00fcr die Entwicklung des Hungerberges als Zukunftsstandort aus. Als Dettinger B\u00fcrger besch\u00e4ftige ich mich intensiv mit den anstehenden weitreichenden Entscheidungen f\u00fcr unsere Gemeinde. Als Vorstand des Bund der Selbst\u00e4ndigen Kirchheim mit seinen 300 Mitgliedern, in dessen Einzugsgebiet die Dettinger Unternehmer geh\u00f6ren,&nbsp;befinde ich mich in intensivem Austausch. Die Gespr\u00e4che ergaben, dass sie sich f\u00fcr den Vorhaltestandort aussprechen.&nbsp;&nbsp;<\/p>\n\n\n\n<p>Mir ist es wichtig, diese Entscheidung gewissenhaft zu treffen. &nbsp;&nbsp;<\/p>\n\n\n\n<p>Aus einer Situation heraus, in der es unserer Gemeinde und Region noch sehr gut geht und das Stottern des Konjunkturmotors nur bei genauerem Hinschauen wahrzunehmen ist, ist es verst\u00e4ndlich, wenn man den Status Quo halten m\u00f6chte. Wer jedoch in einem st\u00e4ndigen Wandel stehen bleibt, wird abgeh\u00e4ngt.<\/p>\n\n\n\n<p>Mir ist wichtig, dass hohe Standards f\u00fcr eine \u00f6kologische Umsetzung gesetzt werden. Es ist aufgrund der Verfahrensdauer schlicht nicht m\u00f6glich, zuerst den Investor zu kennen und dann den Standort daf\u00fcr zu entwickeln. Diese Wartezeit kann sich keiner leisten. Das ist jedoch nichts Negatives. Es ist wichtig, die Vorarbeit zu bringen, um dann, wenn der Richtige kommt, bereit zu sein.&nbsp;&nbsp;<\/p>\n\n\n\n<p>F\u00fcr mich \u00fcberwiegen die Chancen, die dieser Vorhaltestandort bietet. Es wird nur gebaut, wenn fortschrittliche Produktion, Forschung und Entwicklung umgesetzt werden. Davon profitieren wir Dettinger durch\u00a0das sensible Gleichgewicht unserer Wirtschaftsordnung direkt oder indirekt auf jeden Fall. Ich m\u00f6chte mit meiner Entscheidung dieser Entwicklung nicht im Wege stehen.\u00a0<\/p>\n","protected":false},"excerpt":{"rendered":"<p>Danke, dass Sie unsere Website besuchen. Dar\u00fcber freuen wir uns sehr. Jetzt m\u00f6chten Sie wissen, wer hinter dieser Website steht:&nbsp;PRO-HUNGERBERG&nbsp;ist eine Initiative von Unternehmern aus Dettingen, Kirchheim\/Teck&nbsp;und Umgebung. Aufgebaut und&nbsp;verantwortlich&nbsp;betrieben wird die Website vom Bund der Selbstst\u00e4ndigen (BDS)&nbsp;Kirchheim unter Teck e. V., zu dem auch Dettingen geh\u00f6rt.&nbsp; Jan Dietz, Gesch\u00e4ftsf\u00fchrer der&nbsp;oeconos&nbsp;GmbH in Dettingen und Pr\u00e4sident &hellip; <\/p>\n<p class=\"link-more\"><a href=\"https:\/\/www.pro-hungerberg.de\/index.php\/wer-wir-sind\/\" class=\"more-link\">Mehr <span class=\"screen-reader-text\">\u00fcber &#8222;Wer wir sind&#8220; <\/span>Lesen<\/a><\/p>\n","protected":false},"author":8,"featured_media":0,"parent":0,"menu_order":0,"comment_status":"closed","ping_status":"closed","template":"","meta":{"footnotes":""},"class_list":["post-136","page","type-page","status-publish","hentry"],"_links":{"self":[{"href":"https:\/\/www.pro-hungerberg.de\/index.php\/wp-json\/wp\/v2\/pages\/136","targetHints":{"allow":["GET"]}}],"collection":[{"href":"https:\/\/www.pro-hungerberg.de\/index.php\/wp-json\/wp\/v2\/pages"}],"about":[{"href":"https:\/\/www.pro-hungerberg.de\/index.php\/wp-json\/wp\/v2\/types\/page"}],"author":[{"embeddable":true,"href":"https:\/\/www.pro-hungerberg.de\/index.php\/wp-json\/wp\/v2\/users\/8"}],"replies":[{"embeddable":true,"href":"https:\/\/www.pro-hungerberg.de\/index.php\/wp-json\/wp\/v2\/comments?post=136"}],"version-history":[{"count":11,"href":"https:\/\/www.pro-hungerberg.de\/index.php\/wp-json\/wp\/v2\/pages\/136\/revisions"}],"predecessor-version":[{"id":288,"href":"https:\/\/www.pro-hungerberg.de\/index.php\/wp-json\/wp\/v2\/pages\/136\/revisions\/288"}],"wp:attachment":[{"href":"https:\/\/www.pro-hungerberg.de\/index.php\/wp-json\/wp\/v2\/media?parent=136"}],"curies":[{"name":"wp","href":"https:\/\/api.w.org\/{rel}","templated":true}]}}