{"id":37,"date":"2021-07-20T14:39:41","date_gmt":"2021-07-20T12:39:41","guid":{"rendered":"https:\/\/www.pro-hungerberg.de\/?page_id=37"},"modified":"2021-09-08T17:31:53","modified_gmt":"2021-09-08T15:31:53","slug":"pro-hungerberg","status":"publish","type":"page","link":"https:\/\/www.pro-hungerberg.de\/","title":{"rendered":""},"content":{"rendered":"\n<div class=\"wp-block-image\"><figure class=\"aligncenter size-full is-resized\"><img loading=\"lazy\" decoding=\"async\" src=\"https:\/\/www.pro-hungerberg.de\/wp-content\/uploads\/2021\/08\/BDS.png\" alt=\"\" class=\"wp-image-260\" width=\"287\" height=\"148\" srcset=\"https:\/\/www.pro-hungerberg.de\/wp-content\/uploads\/2021\/08\/BDS.png 909w, https:\/\/www.pro-hungerberg.de\/wp-content\/uploads\/2021\/08\/BDS-300x154.png 300w, https:\/\/www.pro-hungerberg.de\/wp-content\/uploads\/2021\/08\/BDS-768x395.png 768w\" sizes=\"auto, (max-width: 287px) 100vw, 287px\" \/><\/figure><\/div>\n\n\n\n<h2 class=\"has-text-align-center wp-block-heading\">Beim B\u00fcrgerentscheid Hungerberg \/ B\u00fcrgerentscheid Dettingen mit \u274c NEIN stimmen!<\/h2>\n\n\n\n<p class=\"has-text-align-center\">Ja, unserer Generation geht es gut. Aber wir m\u00fcssen bitte auch an die Zukunft unserer Kinder und unserer Kommune denken. Die  \u00f6konomische Zukunft ist so wichtig. Zu einem Leben in Sicherheit und Wohlstand geh\u00f6ren auch moderne Arbeitspl\u00e4tze, ein funktionierendes Gemeinwesen. Und St\u00e4dte und Gemeinden, die nicht am Tropf h\u00e4ngen.<\/p>\n\n\n\n<p class=\"has-text-align-center\">Wir sind daf\u00fcr, dass die Kommunen\u202f<strong>Dettingen, Kirchheim<\/strong> und <strong>Notzingen<\/strong> am Hungerberg (Gemarkung der Gemeinde Dettingen) ein Zukunftsprojekt, den <strong>regionalen Vorhaltestandort,<\/strong>\u202fentwickeln d\u00fcrfen. Klimaschutz und auch der Erhalt unserer Natur lassen sich mit dem Zukunftsprojekt verbinden und in Einklang bringen. Wir m\u00f6chten Sie \u00fcberzeugen, beim B\u00fcrgerentscheid mit NEIN zu stimmen.<\/p>\n\n\n\n<h2 class=\"has-text-align-center wp-block-heading\"><a href=\"https:\/\/www.pro-hungerberg.de\/index.php\/wer-wir-sind\/\" data-type=\"URL\" data-id=\"https:\/\/www.pro-hungerberg.de\/index.php\/wer-wir-sind\/\">Wer wir sind<\/a><\/h2>\n\n\n\n<p class=\"has-text-align-center\">Danke, dass Sie unsere Website besuchen. Dar\u00fcber freuen wir uns sehr. Jetzt m\u00f6chten Sie wissen, wer hinter dieser Website steht: PRO-HUNGERBERG ist eine Initiative von Unternehmern aus Dettingen, Kirchheim\/Teck und Umgebung. Aufgebaut und verantwortlich betrieben wird die Website vom Bund der Selbstst\u00e4ndigen (BDS) Kirchheim unter Teck e. V., zu dem auch Dettingen geh\u00f6rt. <a href=\"https:\/\/www.pro-hungerberg.de\/index.php\/wer-wir-sind\/\" data-type=\"URL\" data-id=\"https:\/\/www.pro-hungerberg.de\/index.php\/wer-wir-sind\/\"><em>\u00bb Mehr Informationen<\/em><\/a><\/p>\n\n\n\n<div class=\"wp-block-columns is-layout-flex wp-container-core-columns-is-layout-9d6595d7 wp-block-columns-is-layout-flex\">\n<div class=\"wp-block-column is-layout-flow wp-block-column-is-layout-flow\">\n<p class=\"has-text-align-center\"><img loading=\"lazy\" decoding=\"async\" width=\"150\" height=\"150\" class=\"wp-image-167\" style=\"width: 150px;\" src=\"https:\/\/www.pro-hungerberg.de\/wp-content\/uploads\/2021\/08\/Dietz_rund.png\" alt=\"\" srcset=\"https:\/\/www.pro-hungerberg.de\/wp-content\/uploads\/2021\/08\/Dietz_rund.png 394w, https:\/\/www.pro-hungerberg.de\/wp-content\/uploads\/2021\/08\/Dietz_rund-300x300.png 300w, https:\/\/www.pro-hungerberg.de\/wp-content\/uploads\/2021\/08\/Dietz_rund-150x150.png 150w\" sizes=\"auto, (max-width: 150px) 100vw, 150px\" \/><\/p>\n\n\n\n<p class=\"has-text-align-center\"><strong>Jan Dietz,<\/strong> Gesch\u00e4ftsf\u00fchrer der oeconos GmbH in Dettingen und Pr\u00e4sident des BDS Baden-W\u00fcrttemberg<\/p>\n<\/div>\n\n\n\n<div class=\"wp-block-column is-layout-flow wp-block-column-is-layout-flow\">\n<p class=\"has-text-align-center\"><img loading=\"lazy\" decoding=\"async\" width=\"150\" height=\"150\" class=\"wp-image-165\" style=\"width: 150px;\" src=\"https:\/\/www.pro-hungerberg.de\/wp-content\/uploads\/2021\/08\/BDS-Bild-Robert-Schmid_rund.png\" alt=\"\" srcset=\"https:\/\/www.pro-hungerberg.de\/wp-content\/uploads\/2021\/08\/BDS-Bild-Robert-Schmid_rund.png 394w, https:\/\/www.pro-hungerberg.de\/wp-content\/uploads\/2021\/08\/BDS-Bild-Robert-Schmid_rund-300x300.png 300w, https:\/\/www.pro-hungerberg.de\/wp-content\/uploads\/2021\/08\/BDS-Bild-Robert-Schmid_rund-150x150.png 150w\" sizes=\"auto, (max-width: 150px) 100vw, 150px\" \/><\/p>\n\n\n\n<p class=\"has-text-align-center\"><strong>Robert Schmid, <\/strong>Steuerberater und Diplom-\u00d6konom in Dettingen und Vorsitzender des BDS Kirchheim Teck<\/p>\n<\/div>\n<\/div>\n\n\n\n<p><br><br><\/p>\n\n\n\n<h2 class=\"has-text-align-center wp-block-heading\"><a href=\"https:\/\/www.pro-hungerberg.de\/index.php\/gute-gruende\/\" data-type=\"URL\" data-id=\"https:\/\/www.pro-hungerberg.de\/index.php\/gute-gruende\/\">Gute Gr\u00fcnde f\u00fcr den Vorhaltestandort<\/a><\/h2>\n\n\n\n<p class=\"has-text-align-center\">F\u00fcr den Vorhaltestandort, das Zukunftsprojekt von Dettingen und der Region, gibt es viele gute Gr\u00fcnde. Die m\u00f6gliche Ansiedlung von gro\u00dfen Unternehmen bringt neue, auch innovative Arbeitspl\u00e4tze und sichert durch Einnahmen den Wohlstand der Kommune und ihrer B\u00fcrgerinnen und B\u00fcrger. Die technologische und digitale Entwicklung der Region wird intensiv vorangetrieben. F\u00fcr junge Menschen gibt es Chancengerechtigkeit. Wohnen und arbeiten in einer Stadt, mit kurzen Wegen zwischen Wohnort und Arbeitsplatz, werden auch in Dettingen zum Leben geh\u00f6ren. Die vorgesehene Bauplanung ist \u201egr\u00fcn\u201c, achtsam, realistisch, wirtschafts- und vor allem umweltgerecht. F\u00fcr den Verlust an Ackerfl\u00e4che &#8211; mit dem geringstm\u00f6glichen Einschnitt \u2013 sollen Ausgleichsfl\u00e4chen realisiert werden. Alle guten Gr\u00fcnde \u2013 <em><a href=\"https:\/\/www.pro-hungerberg.de\/index.php\/gute-gruende\/\">HIER<\/a><\/em>.<br><br><br><\/p>\n","protected":false},"excerpt":{"rendered":"<p>Beim B\u00fcrgerentscheid Hungerberg \/ B\u00fcrgerentscheid Dettingen mit \u274c NEIN stimmen! Ja, unserer Generation geht es gut. Aber wir m\u00fcssen bitte auch an die Zukunft unserer Kinder und unserer Kommune denken. Die \u00f6konomische Zukunft ist so wichtig. Zu einem Leben in Sicherheit und Wohlstand geh\u00f6ren auch moderne Arbeitspl\u00e4tze, ein funktionierendes Gemeinwesen. Und St\u00e4dte und Gemeinden, die &hellip; <\/p>\n<p class=\"link-more\"><a href=\"https:\/\/www.pro-hungerberg.de\/\" class=\"more-link\">Mehr <span class=\"screen-reader-text\">\u00fcber &#8222;&#8220; <\/span>Lesen<\/a><\/p>\n","protected":false},"author":8,"featured_media":0,"parent":0,"menu_order":0,"comment_status":"closed","ping_status":"closed","template":"","meta":{"footnotes":""},"class_list":["post-37","page","type-page","status-publish","hentry"],"_links":{"self":[{"href":"https:\/\/www.pro-hungerberg.de\/index.php\/wp-json\/wp\/v2\/pages\/37","targetHints":{"allow":["GET"]}}],"collection":[{"href":"https:\/\/www.pro-hungerberg.de\/index.php\/wp-json\/wp\/v2\/pages"}],"about":[{"href":"https:\/\/www.pro-hungerberg.de\/index.php\/wp-json\/wp\/v2\/types\/page"}],"author":[{"embeddable":true,"href":"https:\/\/www.pro-hungerberg.de\/index.php\/wp-json\/wp\/v2\/users\/8"}],"replies":[{"embeddable":true,"href":"https:\/\/www.pro-hungerberg.de\/index.php\/wp-json\/wp\/v2\/comments?post=37"}],"version-history":[{"count":19,"href":"https:\/\/www.pro-hungerberg.de\/index.php\/wp-json\/wp\/v2\/pages\/37\/revisions"}],"predecessor-version":[{"id":277,"href":"https:\/\/www.pro-hungerberg.de\/index.php\/wp-json\/wp\/v2\/pages\/37\/revisions\/277"}],"wp:attachment":[{"href":"https:\/\/www.pro-hungerberg.de\/index.php\/wp-json\/wp\/v2\/media?parent=37"}],"curies":[{"name":"wp","href":"https:\/\/api.w.org\/{rel}","templated":true}]}}